h(b) = b**2 + 7*b - 98. Determine h(-14).
0
Let y(l) = 7*l**2 + l + 1. Calculate y(-1).
7
Let u(k) = k**3 + 12*k**2 - 28*k + 4. Give u(-14).
4
Let n(i) = i**3 - 19*i**2 + 18*i + 11. Determine n(18).
11
Let k(r) = -3*r + 14. What is k(14)?
-28
Let c(t) = -t**3 + 6*t**2 - 8*t + 5. Determine c(5).
-10
Let t(f) = 3*f**2 + 60*f + 15. Determine t(-20).
15
Let b(i) = -3*i**2 - i - 2. What is b(2)?
-16
Let z(p) = 6*p**2 + 62*p + 29. Determine z(-10).
9
Let a(q) = 6*q - 14. Calculate a(4).
10
Let o(t) = -t**3 - 21*t**2 - 21*t - 19. Determine o(-20).
1
Let a(v) = -2*v**3 - v**2 + 7*v + 1. Determine a(3).
-41
Let w(h) = -h**3 + 12*h**2 - 19*h - 2. Determine w(10).
8
Let w(x) = -x**3 + 17*x**2 + 91*x - 136. Give w(21).
11
Let i(p) = 4*p - 129. Calculate i(20).
-49
Let y(z) = -17*z**2 + 68*z - 3. Give y(4).
-3
Let u(i) = -14*i + 331. Give u(24).
-5
Let a(g) = -g**3 - g**2 - 4*g - 23. Calculate a(-3).
7
Let a(s) = -s**3 + 8*s**2 - 8*s + 3. Give a(7).
-4
Let i(g) = -g**2 - 5*g. What is i(-11)?
-66
Let g(y) = y**2 - 17*y + 14. Determine g(15).
-16
Let x(y) = y**2 - 3*y - 9. What is x(7)?
19
Let k(a) = -2*a - 1. Determine k(-1).
1
Let i(j) = -2*j**3 - 27*j**2 + 14*j - 20. Calculate i(-14).
-20
Let h(b) = b**2 - 6. What is h(-5)?
19
Let o(r) = -r**3 + 13*r**2 - 14*r + 20. What is o(12)?
-4
Let d(t) = t**2 + 12*t - 3. What is d(-9)?
-30
Let j(h) = -11*h**3 - 2*h**2 - h + 2. Calculate j(1).
-12
Let d(o) = -o - 19. Calculate d(-14).
-5
Let f(j) = -j**3 + 6*j**2 + 6*j + 9. Give f(7).
2
Let m(y) = y**3 - 7*y**2 - 2*y + 40. Calculate m(6).
-8
Let v(t) = -5*t. What is v(-1)?
5
Let i(b) = b**3 + 9*b**2 + b - 12. What is i(-9)?
-21
Let f(w) = -w**3 + 6*w**2 + 2*w - 2. Give f(5).
33
Let x(q) = q**3 + 18*q**2 - 21*q - 12. What is x(-19)?
26
Let g(a) = -3*a**2 - 13*a - 5. What is g(-4)?
-1
Let d(j) = 3*j + 7. What is d(-4)?
-5
Let h(u) = -2*u**2 + 49*u - 296. What is h(10)?
-6
Let g(l) = -l**3 - 6*l**2 + 4*l + 7. Determine g(-7).
28
Let g(q) = 4*q - 17. Determine g(-14).
-73
Let j(r) = 2*r - 20. What is j(14)?
8
Let y(t) = -t**3 + 18*t**2 - 16*t - 7. Determine y(17).
10
Let x(v) = v**3 - 12*v**2 - 14*v + 19. Determine x(13).
6
Let y(m) = -3*m - 43. Give y(-12).
-7
Let l(r) = 2*r**2 + 16*r + 20. Determine l(-7).
6
Let c(m) = -3*m**2 + 22*m + 10. What is c(8)?
-6
Let o(d) = 2*d**3 + 6*d**2 + 3*d - 5. What is o(-3)?
-14
Let q(i) = i + 20. Determine q(-13).
7
Let i(x) = -x**2 - 5*x + 4. What is i(-3)?
10
Let v(r) = -r**2 + 9*r + 9. Calculate v(8).
17
Let j(f) = -f**3 + 23*f**2 + 25*f - 19. Give j(24).
5
Let a(z) = -z**2 + 60*z + 187. Determine a(63).
-2
Let n(y) = -11*y**3 + y**2 - 2*y + 3. Calculate n(2).
-85
Let t(h) = 5*h + 27. Calculate t(-6).
-3
Let t(p) = -4*p - 11. What is t(-4)?
5
Let q(w) = -10*w. Give q(3).
-30
Let g(s) = s**3 - 5*s**2 - 5*s + 2. Determine g(3).
-31
Let m(t) = -t**3 + 27*t**2 + 60*t - 61. Calculate m(29).
-3
Let z(l) = l**3 - 19*l**2 - 21*l + 11. What is z(20)?
-9
Let o(h) = -12*h + 48. Give o(5).
-12
Let i(x) = -x + 39. Determine i(12).
27
Let z(f) = 7*f - 51. Calculate z(8).
5
Let w(u) = -2*u**2 - 11*u - 7. Give w(-7).
-28
Let r(x) = 3*x + 136. Determine r(-45).
1
Let u(q) = -q**3 - 12*q**2 - 11*q - 4. Determine u(-11).
-4
Let c(x) = x + 6. Give c(-11).
-5
Let j(q) = -q**3 + 12*q**2 - 13*q + 10. Determine j(11).
-12
Let h(q) = -q**3 - 11*q**2 - 12*q - 11. What is h(-10)?
9
Let m(u) = u**3 + 26*u**2 - 30*u - 46. Give m(-27).
35
Let a(b) = b**3 + b**2 + 18. Calculate a(0).
18
Let z(s) = s - 2. Determine z(4).
2
Let d(j) = 15*j**2 - j - 1. Give d(-1).
15
Let u(z) = -9*z - 1. Calculate u(3).
-28
Let h(t) = -t**3 - 20*t**2 + 23*t + 51. Determine h(-21).
9
Let n(s) = s**2 - 6*s - 4. What is n(3)?
-13
Let l(j) = -4*j + 3. Give l(4).
-13
Let u(v) = -v**2 + 35. Determine u(-7).
-14
Let u(s) = -3*s**2 + 37*s - 7. Give u(12).
5
Let g(k) = -3*k + 37. Calculate g(13).
-2
Let c(j) = 13*j**3 + 3*j + 2. Calculate c(-2).
-108
Let u(i) = -i**3 + 3*i**2 + 2*i - 3. What is u(-3)?
45
Let u(m) = -m**3 - 11*m**2 + m - 9. What is u(-11)?
-20
Let y(a) = -4*a**3 - 4*a**2 - 2*a + 2. What is y(-2)?
22
Let c(l) = -l**2 - 4*l - 6. Calculate c(-4).
-6
Let v(j) = -j**3 + 20*j**2 + 43*j + 19. What is v(22)?
-3
Let p(o) = o - 8. Determine p(3).
-5
Let b(p) = -2*p**3 + 3*p**2 - p - 2. Give b(2).
-8
Let n(w) = w**3 - 19*w**2 - 3*w + 57. What is n(19)?
0
Let h(d) = 6*d - 77. What is h(12)?
-5
Let z(u) = -u**2 - 9*u + 8. Give z(-13).
-44
Let y(w) = -w**3 - 4*w**2 + 24*w + 10. What is y(-7)?
-11
Let g(u) = 3*u - 28. What is g(11)?
5
Let v(q) = q**3 - 14*q**2 - 3. What is v(14)?
-3
Let x(p) = -2*p - 24. What is x(-9)?
-6
Let y(x) = -x - 39. What is y(0)?
-39
Let p(h) = 2*h**2 + 2*h - 39. Calculate p(5).
21
Let k(c) = -36*c**3 - 2*c**2 - 7*c - 7. Give k(-1).
34
Let r(f) = -3*f + 2. Determine r(3).
-7
Let x(b) = -b - 21. Calculate x(-9).
-12
Let n(q) = -2*q**3 + 7*q**2 + 8*q - 10. Calculate n(4).
6
Let x(p) = 11*p + 45. Calculate x(-9).
-54
Let a(u) = u**3 + 8*u**2 - 16. What is a(-7)?
33
Let w(z) = z**2 - 9*z - 33. Calculate w(12).
3
Let s(p) = -p**2 - 5*p + 12. Determine s(-6).
6
Let g(v) = v**2 + 2*v - 1. Give g(-7).
34
Let t(l) = -l**3 + 4*l**2 + 2*l + 7. What is t(5)?
-8
Let k(s) = -20*s - 140. Determine k(-9).
40
Let n(o) = -o**3 - o**2 + 22*o + 3. Give n(-5).
-7
Let c(q) = 8*q**3 - q**2 + 1. Determine c(1).
8
Let p(g) = 48*g - 317. Give p(7).
19
Let z(h) = h**3 + h**2 - h - 2. Give z(0).
-2
Let a(d) = 2*d + 2. What is a(0)?
2
Let l(i) = -6*i**2 + 2*i. Determine l(2).
-20
Let r(y) = 3*y - 1. What is r(-5)?
-16
Let d(p) = -2*p + 9. Calculate d(11).
-13
Let d(k) = 11*k - 13. Give d(-3).
-46
Let r(g) = 13*g + 18. What is r(-2)?
-8
Let b(z) = -z**3 + 5*z**2 - 5. What is b(5)?
-5
Let s(m) = m + 3. Give s(-4).
-1
Let j(f) = -2*f - 11. Give j(-7).
3
Let a(n) = -6*n - 82. What is a(-15)?
8
Let h(y) = 2*y**2 - y - 3. Give h(2).
3
Let f(b) = -b**3 - 10*b**2 - 2*b - 19. Calculate f(-10).
1
Let z(v) = 14*v + 143. Calculate z(-11).
-11
Let i(u) = -u**3 + 8*u**2 - 4*u - 8. Calculate i(7).
13
Let s(o) = -o**2 - 6*o - 14. Calculate s(-7).
-21
Let j(r) = -r**3 + 6*r**2 - 20. What is j(5)?
5
Let u(a) = a**2 - 3*a - 5. Calculate u(-2).
5
Let v(l) = -l**2 - 7*l - 9. Determine v(-3).
3
Let s(k) = 2*k - 11. Calculate s(8).
5
Let a(k) = -17*k**3 - k**2 - 2*k. What is a(2)?
-144
Let n(c) = -c + 13. What is n(9)?
4
Let g(i) = 3*i - 57. Give g(24).
15
Let y(w) = 2*w**2 - 7*w - 14. Determine y(-2).
8
Let g(c) = 2*c**3 + 4*c + 5. Give g(0).
5
Let l(y) = y**3 - 5*y**2 + y + 10. Give l(3).
-5
Let y(z) = -z**3 + 9*z**2 - 15*z + 7. Give y(6).
25
Let k(h) = -h**2 - 21*h + 169. Give k(6).
7
Let c(s) = s**3 - 6*s**2 - 20*s - 3. Determine c(9).
60
Let w(q) = -q**3 - 13*q**2 + 14*q + 20. Give w(-14).
20
Let s(k) = -k + 7. What is s(12)?
-5
Let n(q) = -q**3 + 17*q**2 - 29*q - 10. Calculate n(15).
5
Let r(m) = 7*m**3 + m**2 + 2*m + 1. What is r(-1)?
-7
Let b(m) = m**3 - 19*m**2 - 42*m - 3. What is b(21)?
-3
Let w(c) = 2*c**2 - 14*c + 5. Determine w(10).
65
Let v(k) = 5*k**3 + 8*k - 7. Calculate v(1).
6
Let c(z) = -6*z + 8. What is c(8)?
-40
Let b(j) = j**3 + 9*j**2 - 8*j + 7. What is b(-10)?
-13
Let k(y) = -y**2 - 21*y + 31. Give k(-21).
31
Let w(k) = k**2 - 14*k + 40. Calculate w(21).
187
Let d(o) = -o**2 + 10*o - 20. What is d(9)?
-11
Let q(t) = -t**3 + 8*t**2 - t + 10. Calculate q(8).
2
Let n(p) = 2*p**2 - 48*p - 5. Give n(24).
-5
Let z(x) = -x - 69. Determine z(0).
-69
Let j(o) = -3*o**3 + o**2 - 4*o + 3. Determine j(1).
-3
Let k(l) = l**3 - 8*l**2 + 8*l - 4. What is k(7)?
3
Let k(h) = -8*h**3 - 5*h**2 + 6*h - 2. What is k(1)?
-9
Let u(z) = -z**3 - 6*z**2 + 4*z. Calculate u(-5).
-45
Let h(d) = -d**3 + 4*d + 9. What is h(0)?
9
Let s(d) = d**2 + 13*d + 41. What is s(-7)?
-1
Let u(f) = -f - 23. Calculate u(11).
-34
Let j(v) = v**3 + 8*v**2 - 18*v + 27. Give j(-10).
7
Let w(h) = 8*h - 6. Give w(-2).
-22
Let x(p) = 4*p - 10. Give x(4).
6
Let j(t) = t - 1. Determine j(-11).
-12
Let b(o) = 2*o**2 - 14*o - 5. Calculate b(7).
-5
Let o(t) = t**3 + 11*t**2 - 12*t. Calculate o(-12).
0
Let g(m) = 6*m - 3. Determine g(3).
15
Let a(p) = p + 14. Calculate a(34).
48
Let g(z) = 85*z**3 - z**2 + 1. What is g(-1)?
-85
Let n(w) = 2*w**2 + 29*w + 32. Calculate n(-13).
-7
Let h(f) = f + 41. What is h(-37)?
4
Let s(t) = t**2 + 24*t - 39